) - (-52)/(-14). Let w be p/(-8) - 1/2. Suppose 0 = 3*f + 3, w = -c - 2*c + 4*f + 16. List the prime factors of c.
2
Let f(d) = -d**3 - d**2 + 7. Let a be f(0). Let g(q) = 17*q - 4*q - 6 + a. List the prime factors of g(1).
2, 7
Let g(l) be the first derivative of l**2/2 + 6*l + 6. List the prime factors of g(8).
2, 7
Let b(w) = w**3 + 4*w**2 + 7*w + 6. Let v be b(-5). Let r = v - -83. List the prime factors of r.
29
What are the prime factors of (-3)/18 + 1/((-18)/(-2415))?
2, 67
Let v be 3/5 - (-54)/10. Let i(p) = -p + 8. Let t be i(7). Suppose v = k + t. What are the prime factors of k?
5
Let g(h) = 2*h**2 - 8*h - 30. What are the prime factors of g(9)?
2, 3, 5
Suppose 5*y + 7 = 3*k, -11 = 4*y - y + 5*k. Let i(f) = 12*f**2 + f - 1. Let n be i(1). Let r = n + y. List the prime factors of r.
2, 5
Let k = 24 + -14. Let d = k + 28. List the prime factors of d.
2, 19
Let x(m) be the third derivative of -m**6/120 - 7*m**5/60 - m**4/12 - m**3/3 + m**2. List the prime factors of x(-7).
2, 3
Let i(c) = c**2 + 4*c - 1. Let g be i(-3). What are the prime factors of 54/g*(1 - 3)?
3
Let k(n) = -2*n**2 + 6*n + 1. Let h be k(5). Let s be 4/(-5)*(-340)/8. Let a = h + s. List the prime factors of a.
3, 5
Let b be 5/5*(3 - 1). Suppose -b*u = 2*u + 48. Let a = -4 - u. What are the prime factors of a?
2
Let w = 10 + -6. Suppose 5*d - w*k + 8 = 0, 5*d = 3*k - 5*k + 4. Suppose d = -z + 2*z - 10. What are the prime factors of z?
2, 5
Let r(u) = 12*u - 9. Let b be r(7). Suppose 3*y + 0*y = 3*t + b, -2*y + t = -49. What are the prime factors of y?
2, 3
Suppose 5*u = -m + 69 + 20, 4*m - 404 = -4*u. List the prime factors of 2/(-6) - m/(-6).
17
List the prime factors of ((-168)/(-20))/(2/5).
3, 7
Let y(x) = -x**3 + 3*x**2 + 6*x - 4. Let b(w) = -w + 2. Let o be b(-2). Suppose 3*f - 2*n - 10 = 0, o*f + 5*n - 14 = 7. What are the prime factors of y(f)?
2
Suppose 56 = 2*v - 4. What are the prime factors of v?
2, 3, 5
Let r be ((-6)/(-3))/(-2 + 0). Let n = 9 - r. What are the prime factors of n?
2, 5
Let h(m) be the third derivative of m**7/140 + m**5/120 - m**4/12 + 3*m**2. Let r(y) be the second derivative of h(y). List the prime factors of r(1).
19
Let y be 2 - (-2 + -1 - -1). Suppose 3*g - 4 = -x, 0 = -y*g + 2*x - 3*x + 6. List the prime factors of g.
2
Suppose 0*s - 5*s = -3*x + 45, 4*x - 2*s - 60 = 0. List the prime factors of x.
3, 5
Suppose -4 + 8 = l. Suppose -w - l = -18. What are the prime factors of w?
2, 7
Suppose -2*s - 62 = -6*a + a, -s = 3*a - 35. Let o be (10/4)/(6/a). Suppose -o*c = 15, -4*q - 4*c - c = -13. List the prime factors of q.
7
Suppose 0*v + 4*v - 17 = -p, 5*v - 3*p = 0. Suppose -v*n + 7*n = 88. What are the prime factors of n?
2, 11
Suppose n + 10 = j + 1, -j + 3*n + 11 = 0. Let l(m) = -m**2 + 12*m - 12. What are the prime factors of l(j)?
2, 5
Let r be ((-117)/6)/((-6)/8). Let w be 23 + 0 - (0 + -1). Suppose 4*d - l - 24 = w, -l - r = -2*d. What are the prime factors of d?
11
Suppose 3*h + 6 = 6*h, 4*h = 3*b - 175. Suppose 3*d - b = 2*v, 0 = 2*v - 6*v - 8. What are the prime factors of d?
19
Suppose m + 3*o + 12 = 0, m - 3*o - 8 - 10 = 0. Suppose 3*h - m + 24 = 0. List the prime factors of -2*(0 + h/2).
7
Let b = 48 - 46. List the prime factors of b.
2
Suppose -60 = -j - m - 3*m, 2*m = j - 78. Suppose -6*p = -3*p - j. List the prime factors of p.
2, 3
List the prime factors of 7743/21 + 0 - (-30)/105.
3, 41
Let g = 129 - 89. List the prime factors of g.
2, 5
Let t(d) = 3 - 3 + 4 - d - 3. Let w be t(-3). Suppose 3*j - 21 = 3*f, -w*f + 32 = -j + 3*j. List the prime factors of j.
2, 5
Let a be (-2)/(-7) - (-406)/(-49). Let k = a + 11. List the prime factors of k.
3
Suppose 7*r = 6*r + 181. List the prime factors of r.
181
Let d = -57 - -142. What are the prime factors of d?
5, 17
Suppose -r + t + 89 = 0, 117 = -3*r - 5*t + 344. List the prime factors of r.
2, 3, 7
Suppose 2*m = -3*m + 2*b + 204, -2*m = -4*b - 72. List the prime factors of m.
2, 3, 7
Let p = -6 + 4. Let a be -4*(p + (-11)/4). Let r = -8 + a. What are the prime factors of r?
11
Let b(m) = m**3 + 6*m**2 - 3*m - 11. Let d(h) = -h**3 - 6*h**2 + 4*h + 10. Let r(c) = -5*b(c) - 6*d(c). What are the prime factors of r(-7)?
3
What are the prime factors of 1/((8/(-94))/(-4))?
47
Let x(o) = o**3 + 7*o**2 - 4*o - 8. What are the prime factors of x(-7)?
2, 5
Let v be (2 + -4)*(-4 - -1). Suppose -v = -0*c - 3*c. What are the prime factors of c/8 + 105/12?
3
Suppose 5*i - 10 = 3*i. Let p = 7 - i. What are the prime factors of p?
2
Suppose -10*c + 5*c + 40 = 0. Let v be (-14)/(-18) - 4/(-18). Let d = c - v. List the prime factors of d.
7
What are the prime factors of (-1)/((-2)/52 - 0)?
2, 13
Let i = -9 + 45. What are the prime factors of i?
2, 3
Suppose 0*t = 2*t - 26. Suppose -7 = -5*j - 3*q, -3*j - t = -2*q - 2. List the prime factors of j/(-2)*24/1.
2, 3
Suppose -2*z + 4*o = -18, 0 = -5*z - 3*o + 4*o. What are the prime factors of 68/16*(3 - z)?
17
Let k(q) = 41*q**2 + 2*q - 13. List the prime factors of k(-3).
2, 5, 7
Let p = 19 - -5. List the prime factors of p.
2, 3
Suppose 0 = 4*y + 14 + 18. Let t = 11 + y. Suppose -t*i + 23 + 8 = 5*f, 3*i = 3*f - 33. List the prime factors of f.
2
Let a be (-15 + 5)*(-4)/10. Suppose a*h = -h. Suppose h = -k - 0*k + 12. List the prime factors of k.
2, 3
Let a(z) = -z**2 - z + 11. Let p(d) = 4*d**3 - 2*d**2 + d. Let b be p(1). Let i be b/(-12) - (-1)/4. List the prime factors of a(i).
11
Let x(d) = d**3 + 7*d**2 - 9*d + 2. Let t be (-64)/8 - (1 - 1). What are the prime factors of x(t)?
2, 5
List the prime factors of ((-408)/1)/(-4) + 1 + 3.
2, 53
Let y(x) = 4*x - 7. Let v be y(8). Suppose -v = -5*q + 60. List the prime factors of q.
17
Let i be (26 - (-1)/(-1)) + -1. Let c be i + 0 - (-1)/1. Suppose c = 5*z - 25. What are the prime factors of z?
2, 5
Let q = 142 + -62. List the prime factors of q.
2, 5
Let s(z) = -23*z + 9. Let m be s(9). Let v be 3/(-6) + m/4. List the prime factors of (-1 - -2)/((-5)/v).
2, 5
Suppose 0 = 4*z + 4*v - 2*v - 398, 2*z - 5*v = 205. Suppose z = 7*j - 2*j. What are the prime factors of j?
2, 5
Let m = 22 - -42. Suppose 0*l - m = -2*l. What are the prime factors of l?
2
Suppose 5*q + 29 = 4*a - 12, 2*q = -a + 20. Let y = a + -26. List the prime factors of (1 + -13)*y/9.
2
Suppose 0 = -2*u + 4*u - 4. Suppose -2*s = -6*s + 4, -5*b - 3 = -3*s. Suppose b*t + u*t = 20. List the prime factors of t.
2, 5
Let p = 21 + 10. Let v be 2 + (-19 - -1)/1. Let r = v + p. List the prime factors of r.
3, 5
Let n = 93 + -84. What are the prime factors of n?
3
Suppose -4*t = t + 105. List the prime factors of (1 - 5)/(14/t).
2, 3
Let k be (-48)/(-18) - (-4)/(-6). Suppose 0 = k*p + 3*s - 4 - 43, -2*p + 67 = -s. Let m = p - 19. List the prime factors of m.
2, 3
Suppose 3*x + 750 = 5*l + 8*x, -2*x = -6. What are the prime factors of l?
3, 7
Let h(w) = 6*w - 22. What are the prime factors of h(8)?
2, 13
Let p(t) = 7*t**3 - 9*t**2 + 14*t - 3. Let h(x) = 10*x**3 - 14*x**2 + 21*x - 5. Let m(k) = 5*h(k) - 7*p(k). What are the prime factors of m(6)?
2
Let z = -7 - -12. Suppose 2*u + 4*l - 5 - 5 = 0, -10 = -2*u - z*l. What are the prime factors of u?
5
Let o = 3 + -3. Let p be 2/1 + o/(-2). Suppose -5*q + 27 = -p*q. What are the prime factors of q?
3
Let j(c) = -c**2 + 8*c - 9. Let y = -3 - -9. Let r be j(y). Suppose -2*k = r*b - 33, 2*b = -3*k + 4 + 23. What are the prime factors of b?
3
Suppose 5*h + 89 - 231 = -2*o, 5*h + 4*o = 144. What are the prime factors of h?
2, 7
Let o = -188 + 115. Let u = o + 48. Let q = -15 - u. What are the prime factors of q?
2, 5
Suppose 5*l = -i + 680, -4*i = -6*l + 4*l + 250. List the prime factors of l.
3, 5
Let a(k) = k**2 - 2*k. Let t = 1 - -2. Let w be a(t). Suppose -w*v + 5*q + 29 = 0, -8 = 3*v - 3*q - 35. List the prime factors of v.
2
What are the prime factors of 322/6 + (-13)/(-39)?
2, 3
Let k = -15 - -13. List the prime factors of 2/(-2)*(k + 0).
2
Suppose 0 = -5*x + 5 + 5. What are the prime factors of x?
2
Let i be (-3)/(-2)*(-6)/(-3). Suppose 3*b + 15 = i*x - x, 0 = -3*b - 15. What are the prime factors of (1 - 0)*(7 + x)?
7
What are the prime factors of (-1 - -2)/(448/148 + -3)?
37
Let i(c) = 4*c + 15 + 13 - 28 + c**2. List the prime factors of i(3).
3, 7
Let h = -9 - -21. Suppose 3*r - h = p + 6, -5*p 